{"id":20,"date":"2024-05-21T14:57:06","date_gmt":"2024-05-21T12:57:06","guid":{"rendered":"https:\/\/aalborg.wordcamp.org\/2024\/code-of-conduct\/"},"modified":"2024-09-06T10:15:07","modified_gmt":"2024-09-06T08:15:07","slug":"code-of-conduct","status":"publish","type":"page","link":"https:\/\/aalborg.wordcamp.org\/2024\/code-of-conduct\/","title":{"rendered":"Code of Conduct"},"content":{"rendered":"\n<p>(<a href=\"#in_english\">In english below<\/a>)<\/p>\n\n\n\n<h3 class=\"wp-block-heading\">1. Form\u00e5l<\/h3>\n\n\n\n<p>WordCamp Denmark mener, at vores f\u00e6lleskab skal v\u00e6re \u00e5bent for alle. Som s\u00e5dan er vi forpligtet til at tilbyde et venligt, sikkert og im\u00f8dekommende milj\u00f8 for alle, uanset k\u00f8n, seksuel orientering, handicap, etnicitet, religion, alder, kaste, social klasse, foretrukket operativsystem, programmeringssprog eller teksteditor, eller andre identificerende egenskaber.<br><br>Denne adf\u00e6rdskodeks beskriver vores forventninger til deltagernes adf\u00e6rd samt konsekvenserne for uacceptabel adf\u00e6rd.<br><br>Vi inviterer alle sponsorer, frivillige, talere, deltagere og andre deltagere til at hj\u00e6lpe os med at realisere en sikker og positiv konferenceoplevelse for alle.<\/p>\n\n\n\n<div class=\"wp-block-group has-global-padding is-layout-constrained wp-block-group-is-layout-constrained\">\n<h3 class=\"wp-block-heading\">2. Open Source medborgerskab<\/h3>\n\n\n\n<p>Et supplerende m\u00e5l med denne adf\u00e6rdskodeks er at udvide Open source-medborgerskab ved at opfordre deltagerne til at anerkende og styrke relationerne mellem det vi g\u00f8r og det store f\u00e6llesskab.<\/p>\n\n\n\n<p>Som en del af dette m\u00e5l vil arrang\u00f8rerne af WordCamp Denmark modtage nomineringer til fremragende medborgere under hele arrangementet og anerkende udvalgte deltagere efter konferencen p\u00e5 hjemmesiden.<\/p>\n\n\n\n<p>Hvis du ser nogen, der g\u00f8r en ekstra indsats for at sikre, at vores f\u00e6llesskab er im\u00f8dekommende, venligt og opfordrer alle deltagere til at bidrage fuldt ud, vil vi gerne vide det. Du kan nominere nogen ved registreringsbordet eller ved HappyDesk&#8217;en.<\/p>\n<\/div>\n\n\n\n<h3 class=\"wp-block-heading\">3. Forventet adf\u00e6rd<\/h3>\n\n\n\n<ul class=\"wp-block-list\">\n<li>V\u00e6r hensynsfuld, respektfuld og samarbejdsvillig.<\/li>\n\n\n\n<li>Undlad nedladende, diskriminerende eller chikanerende opf\u00f8rsel og tale.<\/li>\n\n\n\n<li>V\u00e6r opm\u00e6rksom p\u00e5 dine omgivelser og dine meddeltagere. Underret konferencearrang\u00f8rerne, hvis du bem\u00e6rker en farlig situation eller nogen i n\u00f8d.<\/li>\n\n\n\n<li>Deltag p\u00e5 en autentisk og aktiv m\u00e5de. P\u00e5 den m\u00e5de hj\u00e6lper du med at skabe WordCamp Denmark og g\u00f8re det til dit eget.<\/li>\n<\/ul>\n\n\n\n<h3 class=\"wp-block-heading\">4. Uacceptabel opf\u00f8rsel<\/h3>\n\n\n\n<p>Uacceptabel opf\u00f8rsel inkluderer: intimiderende, chikanerende, kr\u00e6nkende, diskriminerende, nedladende eller nedv\u00e6rdigende opf\u00f8rsel fra nogen deltagere i WordCamp Denmark og relaterede arrangementer. Alle WordCamp Denmark-arrangementer kan deles med medlemmer af offentligheden; v\u00e6r venligst respektfuld over for alle g\u00e6ster p\u00e5 disse steder.<\/p>\n\n\n\n<p>Chikane inkluderer: offensive verbale kommentarer relateret til k\u00f8n, seksuel orientering, race, religion, handicap; upassende brug af n\u00f8genhed og\/eller seksuelle billeder p\u00e5 offentlige steder (inklusive pr\u00e6sentationsslides); fors\u00e6tlig intimidering, stalking eller efterf\u00f8lgelse; chikanerende fotografering eller optagelse; vedvarende forstyrrelse af foredrag eller andre begivenheder; upassende fysisk kontakt og u\u00f8nsket seksuel opm\u00e6rksomhed.<\/p>\n\n\n\n<h3 class=\"wp-block-heading\">5. Konsekvenser ved uacceptabel opf\u00f8rsel<\/h3>\n\n\n\n<p>Uacceptabel opf\u00f8rsel vil ikke blive tolereret, hverken fra andre deltagere, arrang\u00f8rer, personale p\u00e5 konferencestedet, sponsorer eller andre g\u00e6ster ved WordCamp Denmark-arrangementer.<\/p>\n\n\n\n<p>Enhver, der bliver bedt om at stoppe uacceptabel opf\u00f8rsel, forventes at efterkomme dette \u00f8jeblikkeligt.<\/p>\n\n\n\n<p>Hvis en deltager udviser uacceptabel opf\u00f8rsel, kan konferencearrang\u00f8rerne tr\u00e6ffe de foranstaltninger, de finder passende, herunder at bortvise personen fra konferencen uden advarsel eller refundering.<\/p>\n\n\n\n<h3 class=\"wp-block-heading\">6. Hvad skal du g\u00f8re, hvis du er vidne til eller uds\u00e6ttes for uacceptabel opf\u00f8rsel<\/h3>\n\n\n\n<p>Hvis du uds\u00e6ttes for uacceptabel opf\u00f8rsel, ser at nogen bliver udsat for uacceptabel opf\u00f8rsel eller har andre bekymringer, bedes du straks underrette en konferencearrang\u00f8r.<\/p>\n\n\n\n<p>WordCamp Denmark-teamet vil v\u00e6re tilg\u00e6ngeligt for at hj\u00e6lpe deltagerne med at kontakte sikkerhedspersonale p\u00e5 stedet eller det lokale politi, tilbyde eskorte eller p\u00e5 anden m\u00e5de hj\u00e6lpe dem, der oplever uacceptabel opf\u00f8rsel, s\u00e5 de f\u00f8ler sig sikre under hele konferencen. Frivillige vil b\u00e6re farverige t-shirts. Enhver frivillig kan s\u00e6tte dig i forbindelse med en konferencearrang\u00f8r. Du kan ogs\u00e5 henvende dig i den s\u00e6rlige registreringsdisk i lobbyen og bede om at tale med arrang\u00f8rerne.<\/p>\n\n\n\n<h3 class=\"wp-block-heading\">7. Omfang<\/h3>\n\n\n\n<p>Vi forventer, at alle deltagere p\u00e5 konferencen (sponsorer, frivillige, talere, deltagere og andre g\u00e6ster) overholder denne adf\u00e6rdskodeks p\u00e5 alle konferencesteder og konferencerelaterede sociale begivenheder.<\/p>\n\n\n\n<h3 class=\"wp-block-heading\">8. Kontaktoplysninger<\/h3>\n\n\n\n<p>Du kan finde os ved Happydesk under arrangementet eller kontakte os p\u00e5 e-mail: <a href=\"mailto:denmark@wordcamp.dk\">denmark@wordcamp.dk<\/a><\/p>\n\n\n\n<h3 class=\"wp-block-heading\">9. Licens og tilskrivelse<\/h3>\n\n\n\n<p>Denne adf\u00e6rdskodeks er direkte inspireret af det fantastiske arbejde fra Open Source Bridge, men med vores egne arrangementoplysninger. Originalen er tilg\u00e6ngelig p\u00e5 Open Source Bridge 2018 [arkiveret] og er udgivet under en Creative Commons Attribution-ShareAlike-licens.<\/p>\n\n\n\n<p><strong>Udtalelse om sociale arrangementer eller supplerende begivenheder<\/strong><\/p>\n\n\n\n<p>Sociale og supplerende begivenheder har til form\u00e5l at give netv\u00e6rksmuligheder og yderligere l\u00e6ringsmuligheder samt mulighed for afslapning efter en fuld WordCamp. <\/p>\n\n\n\n<p>Det skal ogs\u00e5 v\u00e6re steder, hvor deltagere kan f\u00f8le sig trygge og sikre. Vi \u00f8nsker, at du skal nyde dig selv p\u00e5 disse begivenheder, og vi \u00f8nsker, at du g\u00f8r det p\u00e5 en sikker m\u00e5de. <\/p>\n\n\n\n<p>Hvis du oplever en overtr\u00e6delse af adf\u00e6rdskodeksen, ser en overtr\u00e6delse, er bekymret for velv\u00e6ret, sikkerheden eller opf\u00f8rslen hos en anden deltager eller har et generelt sp\u00f8rgsm\u00e5l (vi forst\u00e5r, at overtr\u00e6delser ikke altid er \u00e5benlyse!), bedes du kontakte os med det samme ved at underrette en WordCamp-arrang\u00f8r eller ved at sende en e-mail til <a href=\"mailto:report@wordcamp.org\">report@wordcamp.org<\/a>. <\/p>\n\n\n\n<p>Til fysiske arrangementer vil arrang\u00f8rerne prioritere at hj\u00e6lpe dig \u00f8jeblikkeligt og diskret, hvis du har brug for hj\u00e6lp eller ikke kan tr\u00e6kke dig tilbage fra en situation, hvor du ikke \u00f8nsker at v\u00e6re. Nogle eksempler inkluderer: ikke at have det godt, at dine transportarrangementer g\u00e5r i vasken, at du er p\u00e5virket af alkohol, at du er alene eller sammen med nogen, du ikke stoler p\u00e5, at du f\u00f8ler dig overv\u00e6ldet, eller at du har v\u00e6ret vidne til eller oplevet en overtr\u00e6delse af adf\u00e6rdskodeksen. Bed venligst enhver n\u00e6rliggende frivillig eller arrang\u00f8r om hj\u00e6lp.<\/p>\n\n\n\n<p id=\"in_english\"><em><strong>In English:<\/strong><\/em><\/p>\n\n\n\n<h3 class=\"wp-block-heading\">1. Purpose<\/h3>\n\n\n\n<p>WordCamp Denmark believes our community should be truly open for everyone. As such, we are committed to providing a friendly, safe and welcoming environment for all, regardless of gender, sexual orientation, disability, ethnicity, religion, age, caste, social class, preferred operating system, programming language, or text editor, among other identifying characteristics.<\/p>\n\n\n\n<p>This code of conduct outlines our expectations for participant behavior as well as the consequences for unacceptable behavior.<\/p>\n\n\n\n<p>We invite all sponsors, volunteers, speakers, attendees, and other participants to help us realize a safe and positive conference experience for everyone.<\/p>\n\n\n\n<h3 class=\"wp-block-heading\">2. Open Source Citizenship<\/h3>\n\n\n\n<p>A supplemental goal of this code of conduct is to increase open source citizenship by encouraging participants to recognize and strengthen the relationships between what we do and the community at large.<\/p>\n\n\n\n<p>In service of this goal, WordCamp Denmark organizers will be taking nominations for exemplary citizens throughout the event and will recognize select participants after the conference on the website.<\/p>\n\n\n\n<p>If you see someone who is making an extra effort to ensure our community is welcoming, friendly, and encourages all participants to contribute to the fullest extent, we want to know. You can nominate someone at the Registration table or at the HappyDesk.<\/p>\n\n\n\n<h3 class=\"wp-block-heading\">3. Expected Behavior<\/h3>\n\n\n\n<ul class=\"wp-block-list\">\n<li>Be considerate, respectful, and collaborative.<\/li>\n\n\n\n<li>Refrain from demeaning, discriminatory or harassing behavior and speech.<\/li>\n\n\n\n<li>Be mindful of your surroundings and of your fellow participants. Alert conference organizers if you notice a dangerous situation or someone in distress.<\/li>\n\n\n\n<li>Participate in an authentic and active way. In doing so, you help to create WordCamp Denmark and make it your own.<\/li>\n<\/ul>\n\n\n\n<h3 class=\"wp-block-heading\">4. Unacceptable Behavior<\/h3>\n\n\n\n<p>Unacceptable behaviors include: intimidating, harassing, abusive, discriminatory, derogatory or demeaning conduct by any attendees of WordCamp Denmark and related events. All WordCamp Denmark venues may be shared with members of the public; please be respectful to all patrons of these locations.<\/p>\n\n\n\n<p>Harassment includes: offensive verbal comments related to gender, sexual orientation, race, religion, disability; inappropriate use of nudity and\/or sexual images in public spaces (including presentation slides); deliberate intimidation, stalking or following; harassing photography or recording; sustained disruption of talks or other events; inappropriate physical contact, and unwelcome sexual attention.<\/p>\n\n\n\n<h3 class=\"wp-block-heading\">5. Consequences Of Unacceptable Behavior<\/h3>\n\n\n\n<p>Unacceptable behavior will not be tolerated whether by other attendees, organizers, venue staff, sponsors, or other patrons of WordCamp Denmark venues.<\/p>\n\n\n\n<p>Anyone asked to stop unacceptable behavior is expected to comply immediately.<\/p>\n\n\n\n<p>If a participant engages in unacceptable behavior, the conference organizers may take any action they deem appropriate, up to and including expulsion from the conference without warning or refund.<\/p>\n\n\n\n<h3 class=\"wp-block-heading\">6. What To Do If You Witness Or Are Subject To Unacceptable Behavior<\/h3>\n\n\n\n<p>If you are subject to unacceptable behavior, notice that someone else is being subject to unacceptable behavior, or have any other concerns, please notify a conference organizer as soon as possible.<\/p>\n\n\n\n<p>The WordCamp Denmark team will be available to help participants contact venue security or local law enforcement, to provide escorts, or to otherwise assist those experiencing unacceptable behavior to feel safe for the duration of the conference. Volunteers will be wearing colored t-shirts. Any volunteer can connect you with a conference organizer. You can also come to the special registration desk in the lobby and ask for the organizers.<\/p>\n\n\n\n<h3 class=\"wp-block-heading\">7. Scope<\/h3>\n\n\n\n<p>We expect all conference participants (sponsors, volunteers, speakers, attendees, and other guests) to abide by this code of conduct at all conference venues and conference-related social events.<\/p>\n\n\n\n<h3 class=\"wp-block-heading\">8. Contact Information<\/h3>\n\n\n\n<p>Find us at the Happydesk during the event or on email <a href=\"mailto:denmark@wordcamp.dk\">denmark@wordcamp.dk<\/a><\/p>\n\n\n\n<h3 class=\"wp-block-heading\">9. License And Attribution<\/h3>\n\n\n\n<p>This Code of Conduct is a direct swipe from the awesome work of Open Source Bridge, but with our event information substituted. The original is available at <a href=\"http:\/\/web.archive.org\/web\/20191206083557\/http:\/\/opensourcebridge.org\/about\/code-of-conduct\/\">Open Source Bridge 2018 [archived]<\/a> and is released under a <a href=\"http:\/\/creativecommons.org\/licenses\/by-sa\/3.0\/\">Creative Commons Attribution-ShareAlike<\/a> license.<\/p>\n\n\n\n<p><strong>Statement about Socials or Supplemental Events<\/strong><\/p>\n\n\n\n<p>Social and supplemental events are intended to provide networking and additional educational opportunities, as well as an opportunity to unwind after a full WordCamp. They should also be places where attendees can feel safe and secure. We want you to enjoy yourself at these events, and we want you to do so safely. If you experience a Code of Conduct violation, see a violation, are concerned about the well-being, safety or behavior of another attendee, or have a general question (we understand that violations are not always obvious!) contact us immediately by notifying a WordCamp organizer or emailing <a href=\"mailto:report@wordcamp.org\">report@wordcamp.org<\/a>. For in-person events, if you need help or are unable to comfortably or safely remove yourself from a situation you do not want to be in, organizers will prioritize assisting you immediately and discretely. Some examples are: not feeling well; your transportation arrangements fall through; you are intoxicated, you are alone or with someone you do not trust, you are overwhelmed, you have experienced or witnessed a Code of Conduct violation. Please ask any nearby event volunteer or organizer to help you.<\/p>\n","protected":false},"excerpt":{"rendered":"<p>(In english below) 1. Form\u00e5l WordCamp Denmark mener, at vores f\u00e6lleskab skal v\u00e6re \u00e5bent for alle. Som s\u00e5dan er vi forpligtet til at tilbyde et venligt, sikkert og im\u00f8dekommende milj\u00f8 for alle, uanset k\u00f8n, seksuel orientering, handicap, etnicitet, religion, alder, kaste, social klasse, foretrukket operativsystem, programmeringssprog eller teksteditor, eller andre identificerende egenskaber. Denne adf\u00e6rdskodeks beskriver [&hellip;]<\/p>\n","protected":false},"author":2352283,"featured_media":194,"parent":0,"menu_order":0,"comment_status":"closed","ping_status":"closed","template":"","meta":{"jetpack_post_was_ever_published":false,"footnotes":""},"class_list":["post-20","page","type-page","status-publish","has-post-thumbnail","hentry"],"jetpack_sharing_enabled":true,"_links":{"self":[{"href":"https:\/\/aalborg.wordcamp.org\/2024\/wp-json\/wp\/v2\/pages\/20","targetHints":{"allow":["GET"]}}],"collection":[{"href":"https:\/\/aalborg.wordcamp.org\/2024\/wp-json\/wp\/v2\/pages"}],"about":[{"href":"https:\/\/aalborg.wordcamp.org\/2024\/wp-json\/wp\/v2\/types\/page"}],"author":[{"embeddable":true,"href":"https:\/\/aalborg.wordcamp.org\/2024\/wp-json\/wp\/v2\/users\/2352283"}],"replies":[{"embeddable":true,"href":"https:\/\/aalborg.wordcamp.org\/2024\/wp-json\/wp\/v2\/comments?post=20"}],"version-history":[{"count":2,"href":"https:\/\/aalborg.wordcamp.org\/2024\/wp-json\/wp\/v2\/pages\/20\/revisions"}],"predecessor-version":[{"id":236,"href":"https:\/\/aalborg.wordcamp.org\/2024\/wp-json\/wp\/v2\/pages\/20\/revisions\/236"}],"wp:featuredmedia":[{"embeddable":true,"href":"https:\/\/aalborg.wordcamp.org\/2024\/wp-json\/wp\/v2\/media\/194"}],"wp:attachment":[{"href":"https:\/\/aalborg.wordcamp.org\/2024\/wp-json\/wp\/v2\/media?parent=20"}],"curies":[{"name":"wp","href":"https:\/\/api.w.org\/{rel}","templated":true}]}}